2 + -12 - -7 - 4) + (1 - 15)?
-21
What is the value of 1 - 25 - (294 + -293)?
-25
Evaluate -44 - -64 - (-1 - -7).
14
1 + -50 + 12 - -25
-12
Calculate -16 - (3 - 2) - (-1368 + 1358).
-7
What is the value of -13 - (-3 - (-14 + 5))?
-19
Evaluate (33 - 0) + -199 + 177.
11
(-7 - -11) + -3 + -13 + 15 + 11
14
What is the value of 2 - ((5 - 9) + -5 + 19)?
-8
What is the value of -67 + 36 + 1 - -28?
-2
What is 0 + 11 + -22 + (-13 - -11) + 4?
-9
Calculate 9 + -1 - (-42 + 29 + 14).
7
What is the value of (27 - 34) + 7 + (-11 - 0) + 8?
-3
Evaluate -11 + -24 - (-3 - 34).
2
What is the value of -3 - (-6 + 0 + (14 - (-10 - -8)))?
-13
What is (2 - -14) + (-216 - -207)?
7
What is 2 - ((18 - 33) + 4)?
13
What is the value of 13 - 2 - 10 - 5 - -9?
5
Calculate (0 - -14 - 7) + -19 - (1 - 8).
-5
Calculate -9 - (-27 - (2 - 43)).
-23
What is the value of (1 + -1 - -3) + (-34 - -44)?
13
What is the value of 6 + (-13 - -3) + 8 - (1 + 5)?
-2
What is (62 - 33 - -20) + -27?
22
What is 15 - (-58 + 44 + 0 + 4)?
25
Calculate 1 + -21 + -21 + 19.
-22
Evaluate 21 + (-6 + -10 + 18 - (-2 + -5)).
30
What is 7 + -10 + -4 + (19 - 4)?
8
What is the value of 30 + -55 + 17 + 13?
5
What is the value of (-11 - -13) + (-38 + 31 - (-1 - 25))?
21
Evaluate -15 - (8 - 32) - -18.
27
What is the value of -1677 - -1637 - (-1 - -2 - 10)?
-31
-3 + -18 + -62 + 71
-12
What is the value of -21 - (28 + -18 + -16)?
-15
Evaluate (4 - 5 - ((-3 - 0) + -3)) + 4.
9
10 + -9 + 3 + 9
13
What is -5260 + 5263 - (13 + (1 - (1 + 0)))?
-10
(2 - (8 - 1)) + (1 - 4) + 4
-4
-2 + (17 + -7 - 9) - (12 + -2)
-11
Evaluate (84 - 35) + -38 - (3 + 37 - 0).
-29
What is the value of -4 + -11 - (0 - 7) - (5 - -1)?
-14
Evaluate (22 + 11 + -20 - (7 - 4)) + -14.
-4
(8 - (-13 - -7)) + -6 + 10
18
What is -3 - ((-22 - -21) + 1 + -8)?
5
Calculate -3 - -20 - (26 - 9 - 6).
6
-1 - -5 - ((-9 - -56) + -49)
6
Calculate (10 - 26 - 8) + 43.
19
Evaluate 16 - 2 - (15 + -28 - -36).
-9
Evaluate (-4 - (-2 + -11)) + -28 - (-10 + 3).
-12
(0 - (2 + -3 + -5)) + -5
1
Calculate -2 - (0 - -3) - (17 - 4).
-18
What is the value of -4 - -9 - 8 - 3 - -14 - 0?
8
Evaluate -7 + 6 - (-6 + -6 + 10) - -13.
14
What is (-17 - -12) + (5 - 8)?
-8
Calculate (-22 + 11 + 1 - -43) + -13.
20
(14 - (-29 + 21)) + (-6 - 2)
14
What is (11 - (0 - -4)) + -9?
-2
What is the value of (1 - 0) + (4 - 2) - (-59 - -61)?
1
Evaluate 2 + (-6 - -1 - 2) + -9.
-14
What is the value of (26 - 19) + (3 - (27 - (6 - 1)))?
-12
(3 - 7) + (-289 - -307)
14
Evaluate -29 - (-7 - 23) - 12.
-11
What is the value of -4 - 0 - (3 + -5) - -5 - 9?
-6
Calculate 3 + -1 + (-2 + 12 - (12 + -6)).
6
-14 + -7 + (-10 + -2 - -20)
-13
What is the value of (26 - 0) + -52 + 24 + 18?
16
Evaluate -6 + (-7 - -7) + 9 + -16.
-13
What is the value of 8 + 4 + -16 - (2 - 1 - 3)?
-2
Calculate 32 + 9 + -27 - -11.
25
-2 - ((-2 - -5) + -14 + 3)
6
-14 + (14 + -29 - -48)
19
-3 + 11 - (-17 + 18 - 11)
18
What is -4 - (7 - 23) - 7?
5
-35 - (-66 + 32 - 14)
13
What is the value of -12 + 21 + -10 + -3?
-4
Evaluate -34 + (18 - ((-12 - -7) + 9)).
-20
Evaluate -10 + 0 + (-2 - 18).
-30
Calculate -5 - (-22 + 43 + -24).
-2
Evaluate (8 - (23 + -21)) + -16 - (-1 - 24).
15
What is the value of (-7 - -9 - (16 - 8)) + 17?
11
(5 - -1) + 0 + (-428 - -423)
1
What is (4 - (1 + 1)) + -2 + 11 + -7?
4
What is -243 - -225 - (4 + 3 - 1)?
-24
Evaluate 5 - 1 - ((5 - -20) + -25).
4
55 + -46 + (6 - 28)
-13
Calculate 9 - (-29 - (12 + -22)).
28
0 - (1 + -29) - (-19 + -31 + 58)
20
Calculate 7 + -14 + 18 + -4 - -11.
18
What is the value of -33 + 23 + -6 + 0 + (42 - 46)?
-20
What is the value of -3 - 0 - (38 - 57 - -29)?
-13
10 + (-5 - -13 - 14)
4
What is the value of -40 - (-5 + 3) - ((-3 - -1) + -3)?
-33
What is the value of (5 - 7) + (2 - -12 - 7)?
5
What is (13 - -17) + -7 + 0 + -5?
18
49 - (65 - 23 - 12)
19
What is -2 - -6 - -1 - (-5 - (-35 + 20))?
-5
(34 - (130 + -92)) + 0 + -10
-14
What is the value of 15 + -10 + -8 + 2 + -5 + -2?
-8
What is (-42 - ((10 - 3) + -32)) + 1 + -11?
-27
What is the value of 1 + (0 + 19 - ((-3 - -21) + -15))?
17
What is the value of -8 - (4 - (3 + 9)) - (0 + -11)?
11
32 + -18 - ((-14 - 1) + 12 + -5)
22
What is (-227 - -221) + 0 + -18?
-24
9 - ((-8 - -35) + -10)
-8
Evaluate -12 + 2 + (1 - -5) - (25 - -2).
-31
What is 18 - 71 - -31 - -17?
-5
What is 765 + -739 - (1 - -4)?
21
What is -1 - 8 - (19 - (13 + (17 - -1)))?
3
What is the value of -7 + (0 + -20 + 18 - (1 - 2))?
-8
Evaluate 1 - 8 - ((10 - 32) + 2).
13
-11 - (-192 + 154 + 13 + 1)
13
-1 + -4 - (-13 - (-16 - (2 + -9)))
-1
What is -21 + 24 + -13 + (-2 - 1)?
-13
What is 1 + (-3 - -18) + (30 - 36)?
10
What is the value of 6 + -3 + -4 + -4 - -7?
2
What is 6 + -6 - -9 - ((-21 - -3) + 10)?
17
Calculate 2 + 8 - (38 + -7 - 22).
1
1 + (-5 - 6) + 4
-6
What is 34 - (-44 + 23 - -16)?
39
Evaluate 12 + -8 - (-1 - 9 - (-6 - 2)).
6
(6 - (1 - 2 - -8) - 13) + 2
-12
(-27 - -20) + (-2 - 3) + -11
-23
Calculate (-6 - 24) + 20 + -5.
-15
Calculate -62 + 50 - (11 + 1).
-24
What is (14 - 33) + (24 - 6) + -5?
-6
What is the value of -42 - (-6 + 18 - 47)?
-7
Evaluate (-24 - (-5 - -2 - (1 + -7))) + 7.
-20
0 + 9 - (1 - (-26 + 16) - 16)
14
What is (3 - (-6 + 23 + -16)) + -24?
-22
-2 - (-11 + (2 - -3 - -1))
3
Calculate 7 - (-3 + -1 - (-21 - -4)).
-6
What is -7 + 14 + -8 - -12?
11
What is 1 - -25 - 12 - 27?
-13
What is 0 + 4 + -1 + 0 + (70 - 76)?
-3
What is the value of 15 + (5 - 12) + -9 + 9?
8
Calculate (1 + -12 - 2) + (1 - (-2 + 10)).
-20
Evaluate -10 + 10 + (-6 - (6 + -2 + -6)).
-4
What is the value of 7 - 10 - (-26 + 9)?
14
What is the value of -7 + (-2 - ((-12 - -12) + 8))?
-17
7 + 0 + (-2 + -5 - (7 + 7))
-14
What is 3 - (108 + -114 - (-2 + 2 + -5))?
4
Evaluate 17 - ((22 - 52) + 61).
-14
Evaluate -7 + 4 + 7 - 9 - (-11 - -10).
-4
What is (15 - 33) + 35 - -12?
29
What is (-6 - -24 - (2 - (-1 - 8))) + 26?
33
What is the value of -10 - ((14 - (21 + -5)) + 0 + 3)?
-11
5 + -5 + 0 + (13 - 7) + -17
-11
Calculate 0 + 22 + -165 + 140.
-3
Evaluate 5 + -5 - (0 - 1).
1
What is the value of (27 + -4 - 10) + (-4 - -2)?
11
Evaluate -1 - (0 - -13 - (4 - 14 - -13)).
-11
Evaluate -3 + -3 + (-1 - -12) + -28 + 27.
4
-11 + 6 - (4 - 2 - 21)
14
What is the value of 16 - (-14 + 4 + 5) - 4?
17
What is (-29 - -9) + 18 + -13?
-15
Calculate 39 + (-45 - 5) - -18.
7
Evaluate -32 + (-5 - -20) + 9 + (-1 - 13).
-22
-9 + -34 + 31 + 7
-5
What is (-15 - -1) + 66 + -64?
-12
What is -16 - -1 - (-14 - (1 + -1) - -5)?
-6
What is -10 + -6 - ((-6 + 0 - 0) + 13)?
-23
-8 + -3 + (-243 - -225)
-29
-8 - (2 - (15 - (-10 - -9)))
6
-5 + (9 + -6 - (-7 + 4))
1
What is 20 + -11 + 2 + -26 - -8?
-7
Evaluate 7 - (-2 - (7 + -2) - -23).
-9
Evaluate -6 - ((-18 - -28) + -10).
-6
What is 14 - (10 + -25 + 10 - -14)?
5
What is the value of 28 + -14 - (-6 - -28)?
-8
What is 2 - (-10 - (14 + -39))?
-13
Evaluate (-61 - -81) + (-11 - -4).
13
What is 9 + 4 + -19 - (-5 + 1)?
-2
What is -4 + 23 + -13 + -9?
-3
What is the value of 8 - ((7 - (-8 + 8)) + -4 - -2)?
3
Calculate 30 - (7 - (23 + (-15 - -1))).
32
What is the value of (-5 - -30) + (0 - (2 + 1 - -3))?
19
-7 + (-6 - 0 - (94 - 91))
-16
What is the value of -8 - ((-5 - (3 - 3)) + 6 - 6)?
-3
What is the value of 0 - 0 - (17 - (-21 - -30))?
-8
Evaluate (-6 - -8) + 2 + -13 - 9.
-18
Evaluate -13 + (54 - 32) + 0 + 1.
10
What is 2 + -30 + 5 + 12?
-11
Calculate (-1 - -13 - -7) + -13 + 32.
38
What is 2 - 1 - 3 - -34 - (-562 - -562)?
32
3 + 0 + 1 - (231 - 208)
-19
What is the value of (-5 - -4) + 8 - ((-8 - -30) + -17)?
2
What is the value of 2 - 24 - (36 - 45)?
-13
What is 14 - ((23 - 22) + 6 + (-2 - 1))?
10
Evaluate -12 - (0 - (6 - (8 + -9 - 0))).
-5
3 + -5 + 13 + (-7 - (2 + -5))
7
-2 - -6 - ((-19 - -19) + -3)
7
Calculate -7 - -1 - (-15 - (-13 + (5 - 0))).
1
-111 + 103 + 1 + 9 - 10
-8
What is the value of 20 + (-20 + 17 - (10 - 0))?
7
Calculate -6 + -1 + -2 + -12 + 37 + 12.
28
Evaluate -40 - 3 - -27 - -4.
-12
What is (-4 + 8 - 5) + 13 + -8 - 5?
-1
Evaluate -20 + -3 + 14 + -14.
-23
What is the value of -27 - 0 - -33 - (-19 + 2)?
23
Calculate (-17 + -4 + 11 + -1 - -6) + 20.
15
-32 - ((11 - 19) + (2 - 0) + -4)
-22
What is the value of -33 - -7 - ((7 - 8) + -9 - -2)?
-18
What is 2 + 0 + (-115 - -123) + -40?
-30
What is the value of -12 + 1 - (23 - (-33 + 67))?
0
What is 9 - (12 + 2) - (-18 - (-1 - 0))?
12
What is the value of -1 + 